{"id":660,"date":"2024-02-16T18:32:08","date_gmt":"2024-02-16T21:32:08","guid":{"rendered":"https:\/\/webprisma.com.br\/memoriadamusica\/?page_id=660"},"modified":"2026-03-24T23:37:47","modified_gmt":"2026-03-25T02:37:47","slug":"historia-e-musica-na-universidade","status":"publish","type":"page","link":"https:\/\/www.memoriadamusica.com.br\/index.php\/historia-e-musica-na-universidade\/","title":{"rendered":"Hist\u00f3ria e m\u00fasica na universidade"},"content":{"rendered":"<p>Banco de Dados<\/p>\n<style>\/*! elementor - v3.23.0 - 05-08-2024 *\/\n.elementor-heading-title{padding:0;margin:0;line-height:1}.elementor-widget-heading .elementor-heading-title[class*=elementor-size-]>a{color:inherit;font-size:inherit;line-height:inherit}.elementor-widget-heading .elementor-heading-title.elementor-size-small{font-size:15px}.elementor-widget-heading .elementor-heading-title.elementor-size-medium{font-size:19px}.elementor-widget-heading .elementor-heading-title.elementor-size-large{font-size:29px}.elementor-widget-heading .elementor-heading-title.elementor-size-xl{font-size:39px}.elementor-widget-heading .elementor-heading-title.elementor-size-xxl{font-size:59px}<\/style>\n<h2>Hist\u00f3ria e m\u00fasica na universidade<br \/>\n<\/h2>\n<p>Nas \u00faltimas duas d\u00e9cadas houve entre os historiadores certa multiplica\u00e7\u00e3o de trabalhos e pesquisas acad\u00eamicas realizadas nos programas de P\u00f3s-Gradua\u00e7\u00e3o em Hist\u00f3ria, envolvendo temas relacionados \u00e0 m\u00fasica. Um balan\u00e7o dessa produ\u00e7\u00e3o universit\u00e1ria revela que o objeto parece sair de seu isolamento historiogr\u00e1fico e aponta para a constru\u00e7\u00e3o de um novo campo de investiga\u00e7\u00e3o. Esse banco de dados permite acesso a essa nova produ\u00e7\u00e3o historiogr\u00e1fica realizada entre o final do s\u00e9culo XX e in\u00edcio do XXI exclusivamente nos programas de p\u00f3s-gradua\u00e7\u00e3o em Hist\u00f3ria. O pesquisador interessado encontrar\u00e1 nele informa\u00e7\u00f5es b\u00e1sicas sobre os trabalhos acad\u00eamicos que poder\u00e3o colaborar de diversos modos para o desenvolvimento de suas futuras investiga\u00e7\u00f5es. Al\u00e9m disso, h\u00e1 gr\u00e1ficos e textos organizando e avaliando as informa\u00e7\u00f5es e a trajet\u00f3ria deste novo territ\u00f3rio historiogr\u00e1fico.<\/p>\n\n<!-- iframe plugin v.6.0 wordpress.org\/plugins\/iframe\/ -->\n<iframe src=\"https:\/\/www.memoriadamusica.com.br\/site\/index.php\/historia-e-musica-na-universidade2\" width=\"100%\" height=\"1500\" scrolling=\"yes\" class=\"iframe-class\" frameborder=\"0\"><\/iframe>\n\n","protected":false},"excerpt":{"rendered":"<p>Banco de Dados Hist\u00f3ria e m\u00fasica na universidade Nas \u00faltimas duas d\u00e9cadas houve entre os historiadores certa multiplica\u00e7\u00e3o de trabalhos [&hellip;]<\/p>\n","protected":false},"author":1,"featured_media":0,"parent":0,"menu_order":0,"comment_status":"closed","ping_status":"closed","template":"","meta":{"site-sidebar-layout":"no-sidebar","site-content-layout":"","ast-site-content-layout":"full-width-container","site-content-style":"default","site-sidebar-style":"default","ast-global-header-display":"","ast-banner-title-visibility":"","ast-main-header-display":"","ast-hfb-above-header-display":"","ast-hfb-below-header-display":"","ast-hfb-mobile-header-display":"","site-post-title":"disabled","ast-breadcrumbs-content":"","ast-featured-img":"disabled","footer-sml-layout":"","ast-disable-related-posts":"","theme-transparent-header-meta":"","adv-header-id-meta":"","stick-header-meta":"","header-above-stick-meta":"","header-main-stick-meta":"","header-below-stick-meta":"","astra-migrate-meta-layouts":"default","ast-page-background-enabled":"default","ast-page-background-meta":{"desktop":{"background-color":"var(--ast-global-color-4)","background-image":"","background-repeat":"repeat","background-position":"center center","background-size":"auto","background-attachment":"scroll","background-type":"","background-media":"","overlay-type":"","overlay-color":"","overlay-opacity":"","overlay-gradient":""},"tablet":{"background-color":"","background-image":"","background-repeat":"repeat","background-position":"center center","background-size":"auto","background-attachment":"scroll","background-type":"","background-media":"","overlay-type":"","overlay-color":"","overlay-opacity":"","overlay-gradient":""},"mobile":{"background-color":"","background-image":"","background-repeat":"repeat","background-position":"center center","background-size":"auto","background-attachment":"scroll","background-type":"","background-media":"","overlay-type":"","overlay-color":"","overlay-opacity":"","overlay-gradient":""}},"ast-content-background-meta":{"desktop":{"background-color":"var(--ast-global-color-5)","background-image":"","background-repeat":"repeat","background-position":"center center","background-size":"auto","background-attachment":"scroll","background-type":"","background-media":"","overlay-type":"","overlay-color":"","overlay-opacity":"","overlay-gradient":""},"tablet":{"background-color":"var(--ast-global-color-5)","background-image":"","background-repeat":"repeat","background-position":"center center","background-size":"auto","background-attachment":"scroll","background-type":"","background-media":"","overlay-type":"","overlay-color":"","overlay-opacity":"","overlay-gradient":""},"mobile":{"background-color":"var(--ast-global-color-5)","background-image":"","background-repeat":"repeat","background-position":"center center","background-size":"auto","background-attachment":"scroll","background-type":"","background-media":"","overlay-type":"","overlay-color":"","overlay-opacity":"","overlay-gradient":""}},"footnotes":""},"class_list":["post-660","page","type-page","status-publish","hentry"],"_links":{"self":[{"href":"https:\/\/www.memoriadamusica.com.br\/index.php\/wp-json\/wp\/v2\/pages\/660","targetHints":{"allow":["GET"]}}],"collection":[{"href":"https:\/\/www.memoriadamusica.com.br\/index.php\/wp-json\/wp\/v2\/pages"}],"about":[{"href":"https:\/\/www.memoriadamusica.com.br\/index.php\/wp-json\/wp\/v2\/types\/page"}],"author":[{"embeddable":true,"href":"https:\/\/www.memoriadamusica.com.br\/index.php\/wp-json\/wp\/v2\/users\/1"}],"replies":[{"embeddable":true,"href":"https:\/\/www.memoriadamusica.com.br\/index.php\/wp-json\/wp\/v2\/comments?post=660"}],"version-history":[{"count":3,"href":"https:\/\/www.memoriadamusica.com.br\/index.php\/wp-json\/wp\/v2\/pages\/660\/revisions"}],"predecessor-version":[{"id":3126,"href":"https:\/\/www.memoriadamusica.com.br\/index.php\/wp-json\/wp\/v2\/pages\/660\/revisions\/3126"}],"wp:attachment":[{"href":"https:\/\/www.memoriadamusica.com.br\/index.php\/wp-json\/wp\/v2\/media?parent=660"}],"curies":[{"name":"wp","href":"https:\/\/api.w.org\/{rel}","templated":true}]}}

História e música na universidade

<p>Banco de Dados</p>
<style>/*! elementor - v3.23.0 - 05-08-2024 */
.elementor-heading-title{padding:0;margin:0;line-height:1}.elementor-widget-heading .elementor-heading-title[class*=elementor-size-]>a{color:inherit;font-size:inherit;line-height:inherit}.elementor-widget-heading .elementor-heading-title.elementor-size-small{font-size:15px}.elementor-widget-heading .elementor-heading-title.elementor-size-medium{font-size:19px}.elementor-widget-heading .elementor-heading-title.elementor-size-large{font-size:29px}.elementor-widget-heading .elementor-heading-title.elementor-size-xl{font-size:39px}.elementor-widget-heading .elementor-heading-title.elementor-size-xxl{font-size:59px}</style>
<h2>História e música na universidade<br />
</h2>
<p>Nas últimas duas décadas houve entre os historiadores certa multiplicação de trabalhos e pesquisas acadêmicas realizadas nos programas de Pós-Graduação em História, envolvendo temas relacionados à música. Um balanço dessa produção universitária revela que o objeto parece sair de seu isolamento historiográfico e aponta para a construção de um novo campo de investigação. Esse banco de dados permite acesso a essa nova produção historiográfica realizada entre o final do século XX e início do XXI exclusivamente nos programas de pós-graduação em História. O pesquisador interessado encontrará nele informações básicas sobre os trabalhos acadêmicos que poderão colaborar de diversos modos para o desenvolvimento de suas futuras investigações. Além disso, há gráficos e textos organizando e avaliando as informações e a trajetória deste novo território historiográfico.</p>

<!-- iframe plugin v.6.0 wordpress.org/plugins/iframe/ -->
<iframe src="https://www.memoriadamusica.com.br/site/index.php/historia-e-musica-na-universidade2" width="100%" height="1500" scrolling="yes" class="iframe-class" frameborder="0"></iframe>

<p>Banco de Dados História e música na universidade Nas últimas duas décadas houve entre os historiadores certa multiplicação de trabalhos [&hellip;]</p>
